?
False
Is 20195410733 composite?
False
Is 20661893927 prime?
True
Is 475900169 a prime number?
False
Is 48421952171 a composite number?
True
Is 2867940209 a prime number?
False
Is 139730366987 prime?
True
Is 17960051629 a composite number?
True
Is 447510179 composite?
True
Is 213585373 a prime number?
True
Is 287201282 composite?
True
Is 35149496617 prime?
True
Is 295545023 prime?
True
Is 2178881 prime?
False
Is 2312430529 prime?
False
Is 14514553 a composite number?
True
Is 2760054083 prime?
True
Is 5764461539 a prime number?
False
Is 6191186843 a prime number?
True
Is 10852757059 a composite number?
True
Is 1927929763 a prime number?
True
Is 10351299323 a composite number?
False
Is 1098352495 a composite number?
True
Is 3746810971 prime?
False
Is 133673385029 composite?
True
Is 1620141955 composite?
True
Is 2083541907 a composite number?
True
Is 18238777 prime?
False
Is 61015331849 a prime number?
False
Is 1010476955 a composite number?
True
Is 20042283619 a composite number?
False
Is 38472394843 prime?
True
Is 47835396421 prime?
False
Is 6336927299 composite?
True
Is 4359176951 a composite number?
True
Is 98727432439 a prime number?
False
Is 1991557669 composite?
True
Is 5763196159 a prime number?
False
Is 191375833 a prime number?
False
Is 11557776103 a composite number?
False
Is 2739657073 a composite number?
False
Is 14477930321 composite?
False
Is 830582983 prime?
True
Is 12762314779 a composite number?
False
Is 11530200007 a composite number?
False
Is 25518268747 a prime number?
True
Is 1108349497 prime?
True
Is 452707151 composite?
True
Is 347507071 a prime number?
False
Is 2185971329 a composite number?
True
Is 1184329495 prime?
False
Is 2878043231 prime?
False
Is 45731531 a prime number?
True
Is 227997463 composite?
False
Is 1076264741 prime?
True
Is 861494441 composite?
False
Is 10614133573 a composite number?
False
Is 143071601 composite?
True
Is 50070056051 prime?
False
Is 659249891 composite?
True
Is 3067713797 a prime number?
False
Is 6626592277 prime?
False
Is 720562253 a prime number?
True
Is 532276079 a composite number?
False
Is 2090562323 composite?
True
Is 16210323329 a prime number?
False
Is 272198551 a prime number?
True
Is 208085951 a prime number?
True
Is 2452443371 a prime number?
False
Is 397390493 composite?
True
Is 13949449 a prime number?
True
Is 1328119643 composite?
False
Is 296464141 a composite number?
False
Is 45987579923 composite?
True
Is 4632852151 a prime number?
False
Is 586678669 composite?
True
Is 589870123 a composite number?
True
Is 68069093003 a prime number?
True
Is 394905779 prime?
False
Is 779510987 a prime number?
True
Is 3199331129 a prime number?
False
Is 876740989 prime?
False
Is 81141997309 a composite number?
False
Is 83937956131 a composite number?
False
Is 66255421 prime?
True
Is 299994481 composite?
True
Is 123377533 a composite number?
True
Is 8412283403 a composite number?
False
Is 186920393 a composite number?
True
Is 33013746707 composite?
False
Is 298562807 a composite number?
True
Is 1431687729 a prime number?
False
Is 3413109857 a prime number?
True
Is 75725839219 a composite number?
True
Is 865950143 a prime number?
False
Is 232324737089 a prime number?
True
Is 6507082531 prime?
False
Is 4940653789 composite?
True
Is 1005764111 composite?
True
Is 25358964307 prime?
False
Is 111661616366 prime?
False
Is 138242743 a prime number?
False
Is 10550559641 a prime number?
False
Is 1121104409 a composite number?
False
Is 3473289307 a prime number?
False
Is 1491760801 composite?
False
Is 428903431 composite?
True
Is 33826488203 a prime number?
True
Is 27395433641 a composite number?
False
Is 17030479709 prime?
False
Is 81594658 composite?
True
Is 239355638 composite?
True
Is 5525795087 prime?
True
Is 3220740247 composite?
False
Is 4114972507 a composite number?
False
Is 30458955197 a composite number?
True
Is 10418431378 a composite number?
True
Is 112607143229 a prime number?
False
Is 1184262889 prime?
False
Is 112108106287 composite?
True
Is 2065711666 composite?
True
Is 875766247 a composite number?
True
Is 218719821 a composite number?
True
Is 1835906333 a prime number?
True
Is 226065397 a composite number?
True
Is 111882413 composite?
True
Is 131605541 a composite number?
False
Is 73687302301 a prime number?
False
Is 797557021 prime?
True
Is 81010450559 a composite number?
False
Is 574841767 prime?
True
Is 27365076379 a composite number?
False
Is 111681113 prime?
True
Is 226912069 a prime number?
True
Is 509015161 composite?
False
Is 2225233531 composite?
True
Is 881987653 a prime number?
True
Is 211313993609 prime?
False
Is 35661667 a prime number?
False
Is 6183619223 a composite number?
False
Is 21036790787 prime?
False
Is 393543187 a prime number?
True
Is 8278383803 a prime number?
True
Is 2246833607 prime?
True
Is 59525847371 a composite number?
False
Is 460101773 prime?
False
Is 84833868629 a composite number?
True
Is 900820147 a composite number?
False
Is 4472123 composite?
True
Is 3085436873 a composite number?
False
Is 204363233 composite?
False
Is 11908309571 prime?
False
Is 2553560903 prime?
True
Is 43387879501 a composite number?
False
Is 29350969871 a prime number?
False
Is 72133326301 prime?
False
Is 333387721 composite?
True
Is 4128581917 a composite number?
True
Is 2813731541 a prime number?
True
Is 31406395997 a composite number?
False
Is 157519487 prime?
True
Is 81921541319 composite?
False
Is 75938843 a prime number?
True
Is 43744742867 a composite number?
True
Is 511912493 a composite number?
False
Is 6744355 a prime number?
False
Is 170974231723 a composite number?
False
Is 100819137841 prime?
False
Is 1811092666 prime?
False
Is 33707215761 prime?
False
Is 937570031 a prime number?
True
Is 14946237401 a composite number?
True
Is 61913377 a composite number?
False
Is 1587218947 prime?
False
Is 10059604267 a prime number?
True
Is 14258308469 composite?
True
Is 498068917 composite?
True
Is 463738879 a prime number?
False
Is 2140221353 a composite number?
False
Is 13687296523 a prime number?
False
Is 87461707 a prime number?
False
Is 5290073777 composite?
False
Is 8710966807 a prime number?
True
Is 4359947399 composite?
True
Is 2632742227 a prime number?
True
Is 316075394 a prime number?
False
Is 507221531 a composite number?
False
Is 18120892693 a prime number?
True
Is 1274530399 a prime number?
True
Is 52361895533 prime?
True
Is 9640613669 prime?
True
Is 64636949779 prime?
False
Is 412986796391 a prime number?
False
Is 2954574527 a composite number?
True
Is 638696029 a prime number?
False
Is 1249523791 a composite number?
False
Is 5796415435 a prime number?
False
Is 12299719343 a composite number?
False
Is 2111696333 prime?
True
Is 549787549 a composite number?
True
Is 637179106 a prime number?
False
Is 7018106009 a composite number?
False
Is 6721646081 a composite number?
True
Is 72231400207 a prime number?
True
Is 4087392521 prime?
True
Is 12657263369 a composite number?
False
Is 110489865367 a prime number?
False
Is 14988961567 a prime number?
True
Is 1031812814 a prime number?
False
Is 204158431 prime?
False
Is 13302109763 prime?
True
Is 305560457 composite?
False
Is 1485592003 composite?
True
Is 39500217017 a prime number?
True
Is 9817049779 composite?
False
Is 10636551413 composite?
False
Is 86485501637 a composite number?
False
Is 1621719629 prime?
False
Is 639317891 a prime number?
True
Is 16433937563 prime?
True
Is 27406328141 a prime number?
True
Is 774501515 prime?
False
Is 657641255 composite?
True
Is 1763928137 composite?
True
Is 6507685961 composite?
True
Is 88274419 a prime number?
False
Is 62808404721 composite?
True
Is 2590263001 a prime number?
False
Is 20603702159 prime?
True
Is 27049280021 composite?
True
Is 51857325203 prime?
False
Is 68739817823 a composite number?
False
Is 5547246193 prime?
True
Is 486927809 a prime number?
True
Is 930907631 prime?
True
Is 1089910841 a composite number?
False
Is 1752587371 prime?
False
Is 60320107337 a prime number?
False
Is 113312008591 a composite number?
False
Is 3158303402 a prime number?
False
Is 49929723359 prime?
True
Is 65563502969 composite?
True
Is 8431768889 composite?
True
Is 1890756799 a prime number?
False
Is 321552085 composite?
True
Is 86381130007 a prime number?
False
Is 2252022571 a pri